?
-24447
In base 8, what is 22 + 1046?
1070
In base 8, what is 3 - 564630?
-564625
In base 2, what is 10001 + -11011100011000?
-11011100000111
In base 12, what is -5a - 4055?
-40b3
In base 5, what is -140 - -1301413?
1301223
In base 13, what is 1aba + -b?
1aac
In base 9, what is 733 + 111?
844
In base 5, what is 3 - -3221103?
3221111
In base 14, what is cbd2c - -2?
cbd30
In base 14, what is 50 - dd8?
-d88
In base 11, what is -54 - 2126?
-217a
In base 11, what is -4 + -25526?
-2552a
In base 12, what is 4 - 149a90?
-149a88
In base 5, what is -133 + 12400?
12212
In base 12, what is -10b + 5?
-106
In base 3, what is -1110211222 + 1010?
-1110210212
In base 15, what is -94ca - -2?
-94c8
In base 10, what is 1664726 + 5?
1664731
In base 2, what is -1100001 + -110010111001010?
-110011000101011
In base 2, what is 111111000100101110100 + 100?
111111000100101111000
In base 4, what is 11 - 232210203?
-232210132
In base 15, what is 97e42 - 6?
97e3b
In base 8, what is 10 - -20450?
20460
In base 11, what is -1344 - -42?
-1302
In base 13, what is 2292 - -93?
2355
In base 6, what is -11324 + 15?
-11305
In base 10, what is 1028 - -94?
1122
In base 8, what is -201 - 27272?
-27473
In base 16, what is -11 - 311e?
-312f
In base 12, what is 52491 - 3?
5248a
In base 6, what is 0 + -111525?
-111525
In base 11, what is 2000 + 683?
2683
In base 16, what is 107 - -210?
317
In base 11, what is 4 + -719?
-715
In base 10, what is -891 - -972?
81
In base 8, what is 5 - -27150?
27155
In base 11, what is -a877 - 0?
-a877
In base 10, what is 936 - 14?
922
In base 5, what is 1022 + -131?
341
In base 15, what is 30d60 + 2b?
30d8b
In base 3, what is 1222 + 1000?
2222
In base 3, what is 2 + -11120120110?
-11120120101
In base 5, what is 2300 - 11121?
-3321
In base 13, what is 0 - -25b96?
25b96
In base 12, what is -1b61 + -8?
-1b69
In base 11, what is -1896a - 1?
-18970
In base 6, what is -1455204 + -1?
-1455205
In base 4, what is 102010 + 3302?
111312
In base 10, what is 12033 + -49?
11984
In base 9, what is -1485858 - -1?
-1485857
In base 2, what is 1011011001 + 101011011?
10000110100
In base 10, what is -30372 - -1?
-30371
In base 4, what is 2 - -10201?
10203
In base 14, what is -5470d - -4?
-54709
In base 12, what is -26518 - 4?
-26520
In base 5, what is -1 + -3301413?
-3301414
In base 4, what is 11320310 + 0?
11320310
In base 12, what is -1 + -59742?
-59743
In base 15, what is -8 + 5e61?
5e58
In base 12, what is 92b305 + 2?
92b307
In base 15, what is -1eb3 - -8?
-1eaa
In base 6, what is -2315530 + -15?
-2315545
In base 3, what is -1212212222 - 20?
-1212220012
In base 8, what is -761 - -1142?
161
In base 3, what is -21012100 + -1201?
-21021001
In base 15, what is -50 + 431d?
42bd
In base 15, what is 3 + 41ab7?
41aba
In base 16, what is -14869c + -5?
-1486a1
In base 8, what is 1632224 + 1?
1632225
In base 4, what is -2010 - -31000?
22330
In base 8, what is -4 + -140221?
-140225
In base 15, what is -106 - 19d?
-2a4
In base 9, what is -577 + -3102?
-3680
In base 10, what is 462 + -184?
278
In base 9, what is -20033 + -2?
-20035
In base 13, what is -10c + -55?
-164
In base 12, what is -30 - -798b?
795b
In base 6, what is 33523 + -4?
33515
In base 9, what is -3008 + 13?
-2885
In base 5, what is -11 - -110232?
110221
In base 4, what is 0 - 13122021?
-13122021
In base 6, what is 10 + 325130?
325140
In base 9, what is 2 - -373708?
373711
In base 12, what is -234 - 166?
-39a
In base 16, what is -3 - -4496b?
44968
In base 7, what is 10 - -62413?
62423
In base 6, what is -10210340 + -5?
-10210345
In base 5, what is -133313244 + -10?
-133313304
In base 15, what is 1dd02 + -d?
1dce4
In base 6, what is -1200 - -4540?
3340
In base 7, what is 1 - 3530535?
-3530534
In base 5, what is 1232044 - 0?
1232044
In base 4, what is 131230 - -23120?
221010
In base 3, what is 120001 - 112111?
120
In base 12, what is b1 + 136?
227
In base 13, what is -5 + 6aa?
6a5
In base 8, what is 41661 - -4?
41665
In base 14, what is -1928 + 3b?
-18cb
In base 8, what is 0 - -243325?
243325
In base 6, what is -3253111 + -4?
-3253115
In base 8, what is -13054566 - 4?
-13054572
In base 5, what is 14 + -131202?
-131133
In base 5, what is -14010412 + 10?
-14010402
In base 16, what is -29 + 89f?
876
In base 14, what is 0 + -5467?
-5467
In base 9, what is 748 - -136?
885
In base 5, what is 4 - 241004332?
-241004323
In base 8, what is 2164 - 1336?
626
In base 7, what is 113613 + 2?
113615
In base 2, what is 100111100111 + 11001?
101000000000
In base 11, what is 30 - -219?
249
In base 5, what is 12124 + -201?
11423
In base 16, what is -426 - -1c0?
-266
In base 12, what is 524b - -6?
5255
In base 8, what is 71 + 37755?
40046
In base 2, what is 100001011011100010 - -10?
100001011011100100
In base 2, what is 10100 - 10100000000111?
-10011111110011
In base 9, what is -3 - 482874?
-482877
In base 2, what is -11110100111 - -110101101?
-10111111010
In base 9, what is 652271 - -3?
652274
In base 4, what is 21203221 - 0?
21203221
In base 9, what is 423 + 46?
470
In base 13, what is 4a - -26b?
2b8
In base 4, what is 200 - -20332?
21132
In base 9, what is 82242 + 1?
82243
In base 8, what is -463040 - -11?
-463027
In base 2, what is 10011111111000 + -11?
10011111110101
In base 2, what is -1 - -11110001000010?
11110001000001
In base 4, what is 3020 + -1110?
1310
In base 8, what is -1 - 3743?
-3744
In base 8, what is -2 - -100377?
100375
In base 7, what is 3631 - -32?
3663
In base 8, what is -52421 - -1?
-52420
In base 14, what is -4 + 350d0?
350ca
In base 9, what is -323206 - -18?
-323177
In base 6, what is 13432 + -15?
13413
In base 9, what is 21 - -237?
258
In base 9, what is -406 - 330?
-736
In base 13, what is 15 - 1440?
-1428
In base 4, what is -121210 + -112?
-121322
In base 3, what is 12 + 12120012102?
12120012121
In base 6, what is 2033 + -141?
1452
In base 14, what is -10d98a - -3?
-10d987
In base 3, what is -11 + -2021021201?
-2021021212
In base 16, what is 15 + a1f?
a34
In base 16, what is -46 + 12b7?
1271
In base 12, what is -2 - -243?
241
In base 11, what is aaa4 + 105?
100a9
In base 13, what is 2 - 2c67?
-2c65
In base 13, what is 519a + 6?
51a3
In base 14, what is -1db + 18?
-1c3
In base 16, what is -1b6 - -58?
-15e
In base 5, what is 21 + -222024?
-222003
In base 4, what is -2230212 - -1?
-2230211
In base 4, what is -1230012233 - 11?
-1230012310
In base 12, what is 99a9 + -52?
9957
In base 12, what is -3bb04 - -2?
-3bb02
In base 7, what is -34 + 11032?
10665
In base 4, what is 101120 - 211?
100303
In base 2, what is 1001001111101010 + -101?
1001001111100101
In base 12, what is -53 + -2119?
-2170
In base 16, what is 3452 - -3?
3455
In base 11, what is -397 - a4?
-490
In base 4, what is 202 + 31230?
32032
In base 10, what is -3827667 + 5?
-3827662
In base 3, what is -221221100011 - 0?
-221221100011
In base 9, what is -256832 - -4?
-256827
In base 8, what is 4 - -14272?
14276
In base 13, what is 391 - c5?
299
In base 16, what is 4016 + -12?
4004
In base 16, what is -3c - -14f?
113
In base 5, what is 2 + -40423241?
-40423234
In base 13, what is -1 + 31a?
319
In base 15, what is 27849 - -5?
2784e
In base 16, what is -11 + 297d?
296c
In base 4, what is -1233030323 - -1?
-1233030322
In base 15, what is -3a007 + 1?
-3a006
In base 12, what is -5 + -12a91?
-12a96
In base 4, what is -3 - 131220?
-131223
In base 7, what is 23644 - -13?
23660
In base 12, what is 5a725 - -a?
5a733
In base 14, what is 2d82 - 7?
2d79
In base 15, what is -1 - -49800?
497ee
In base 13, what is -16558a - -3?
-165587
In base 9, what is 5 - -5667?
5673
In base 2, what is 10010010 + 11100011?
101110101
In base 8, what is 24 - -102?
126
In base 2, what is -1 - 1001001011010000?
-1001001011010001
In base 2, what is 0 + -100110011101100?
-100110011101100
In base 7, what is -26355321 - 4?
-26355325
In base 7, what is -11343 + -4?
-11350
In base 4, what is 21333222 - -1?
21333223
In base 12, what is -5616 + -4a?
-5664
In base 4, what is 2 + 10033130?
10033132
In base 9, what is 10162 + -5?
10156
In base 8, what is -155 + 212?
35
In base 8, what is -14217 - 31?
-14250
In base 10, what is -28 - 13048?
-13076
In base 8, what is -242 - -13367?
13125
In base 5, what is -212321 + -334?
-213210
In base 12, what is 10b74 - -2?
10b76
In base 11, what is -4963 + -32?
-4995
In b